digit of y?
5
Let q(t) = 292*t**3 + 7*t**2 + 43*t - 109. What is the thousands digit of q(6)?
3
Let d(r) = r**2 - 3*r + 15. Let w be d(5). Let l = 543 - w. What is the hundreds digit of l?
5
Let a be 69/(-1) - (-9 - -13). Suppose -3*j + 312 = -5*y, 2*j + 0*y = y + 201. Let r = j + a. What is the units digit of r?
6
Let d be (-2060)/2 + 0 + 1. Let r = 359 + d. What is the tens digit of r/25*(0 + 10/(-4))?
6
Suppose 4*g - 1 = p, 5*p + 2*g - 17 = -0*p. Let l = 99 - 95. Suppose 4*j - 6*q + 2*q = 288, 0 = l*j - p*q - 288. What is the tens digit of j?
7
Suppose 3*h + 116 = 1901. Suppose 10*y - 5*y = 3*f + h, -2*y + 4*f = -252. Suppose 12 = 4*t - y. What is the tens digit of t?
3
Let h(w) = -74*w**3 + 10*w**2 + 38*w - 23. What is the tens digit of h(-4)?
2
Let v(r) = -15 - 12*r + 5*r + 6*r. Let p be v(-10). Let z(d) = -9*d + 9. What is the units digit of z(p)?
4
Suppose 24 = -40*s + 16*s. Let n(p) = -565*p**3 + 2*p**2 + 9*p + 10. What is the units digit of n(s)?
8
Let a(u) = u**3 - 3*u**2 - 3*u + 1. Let n be a(3). Let z(w) = w**3 + 6*w**2 + 11*w - 3. Let r be z(n). Let g = -145 - r. What is the tens digit of g?
7
Let w = 121 - 152. Let s(p) = p**2 + 20*p - 192. What is the tens digit of s(w)?
4
Let y(q) = -q**3 + 4*q**2 + 7*q - 14. Let l be y(5). Let d be 2/2*-2*(l + 3). Suppose 315 = 5*x + 4*m, -2*m + 149 = d*x - 5*m. What is the tens digit of x?
6
Let l(u) be the first derivative of 2*u**3 + u**2/2 + 13*u + 14. Let g = 18 - 14. What is the units digit of l(g)?
3
Let g = 23942 + -10085. What is the tens digit of g?
5
Let a(o) = o**2 - o + 190. What is the hundreds digit of a(-33)?
3
Let r = -689 + 1037. Let m = 103 - 103. Suppose -7*v + 51 + r = m. What is the units digit of v?
7
Let m(n) be the third derivative of -n**3 + 13/12*n**4 + 0*n + 0 + 4*n**2. What is the tens digit of m(3)?
7
Let y = 587 - 418. Let k = y + 180. What is the tens digit of k?
4
Suppose -45*d + 48*d = -k + 630, 2*k = -3*d + 633. What is the units digit of d?
9
Suppose -12*g + 6 + 30 = 0. Suppose -5*x = 2*h - 2310, 5*h - g - 22 = 0. Suppose 0 = -4*u - u + x. What is the units digit of u?
2
Let x(d) = -5*d**3 - 12*d**2 - 6*d + 4. Let c be x(-13). Suppose -5265 = -8*r + c. Suppose -9*y = 3*y - r. What is the hundreds digit of y?
1
Let r(c) = 2*c**2 - 48*c - 51. Let w be r(25). What is the units digit of 605 + 1 + w - (51 - 56)?
0
Let x = 392 + -276. What is the tens digit of (0 + 1 + 3)*x?
6
Let m(q) = 7*q**2 - 22*q + 251. What is the units digit of m(43)?
8
Let a(o) = -5*o + 12*o**2 + 3*o + o + 12 - 11*o**2 + 6*o. Suppose 2*m - 5*m = -5*y - 8, 4*y = 4*m. What is the units digit of a(m)?
8
What is the hundreds digit of 4/(-30) - 105117463/(-6285)?
7
Suppose -10 = -43*n + 38*n. Suppose -2*y = n*y - 336. Let r = -47 + y. What is the units digit of r?
7
Let k(d) = d**3 - 2*d**2 + 10*d - 3. Let p be k(7). What is the tens digit of 3 + (2 - (-6 - p))?
2
Suppose -5*o = 5*z - 65, -5*z = o + 18 - 103. Let n be ((-82)/(-4))/(9/z). Let l = n - 23. What is the tens digit of l?
1
What is the units digit of ((-5166)/(-15498))/(-1*(-1)/((-455934)/(-2)))?
9
Suppose -2*u = 4 - 14. Let x be 275*(-5)/(u/(-1)). Suppose 0 = -8*v + 1917 + x. What is the units digit of v?
4
Let y = 1110 - 186. Suppose -20*n - y = -24*n. What is the tens digit of n?
3
Suppose h = -94*q + 92*q + 54691, -h = 4*q - 109389. What is the ten thousands digit of q?
2
Let d(w) = -w**2 - 6*w + 5. Let h be d(-5). Let i = 13663 + -13614. Let u = i - h. What is the units digit of u?
9
Let z be 1/1*-1 + (-3)/(-3). Suppose -4*a + a + 21 = z. Suppose -328 = -4*f - 2*j, -5*f - a*j + 415 = -2*j. What is the tens digit of f?
8
Let z(m) = -18*m + 326. Let x be z(18). What is the tens digit of 676390/585 + x/(-9)?
5
Suppose 0 = 6*x + 1 + 905. What is the hundreds digit of (-3)/1 - (x + 8)?
1
Let z(h) = 5*h - 18. Let y be z(10). Let i be y + (0/(-2))/(1 - 5). Let o = i - 7. What is the units digit of o?
5
Suppose -2559366 = -659*a + 601*a. What is the hundreds digit of a?
1
Suppose -d + 5*y = -5822, -2*d - 3*y + 955 = -10754. What is the units digit of d?
7
Suppose -14 = -3*m - 2. Suppose m*x + 60 = -4*w, 2*w + 45 = -3*x + 6*w. What is the units digit of (3 - (-110)/x)*-1*3?
3
What is the units digit of 278543800/24472 - ((-2)/6)/((-7)/3)?
2
Let g be (-14)/(-2)*(-3 + -6). Suppose -5*k + 25 = 0, -5*h = -h - 3*k + 527. Let s = g - h. What is the units digit of s?
5
Let y = -5 + 8. Suppose -3*g - 159 = -5*g - y*b, 0 = -3*b - 15. Let j = -61 + g. What is the tens digit of j?
2
Let c(o) = -41*o**2 - o. Let d be c(-1). Let m = d - -39. Let h = 16 - m. What is the tens digit of h?
1
Let d(t) be the third derivative of t**6/60 + t**5/30 + t**3/6 - t**2. Suppose q = -4*y + 10, -2*y + 4*q + 10 = 2*q. What is the units digit of d(y)?
3
Let y = -13 - -1. Let h be (-1 - -1)*(-6)/y. Suppose 4*k - o - 164 = -3*o, -4*k - 4*o + 160 = h. What is the tens digit of k?
4
Let f = 67007 + -39562. What is the units digit of f?
5
Let g(y) = 512*y + 531. What is the thousands digit of g(10)?
5
Let p(b) = -5*b + 61. Let g be p(10). Let z = g - 8. What is the tens digit of z - 4 - (41 + -1)*-1?
3
Suppose 23*d = -200 - 191. Let z(j) = j**2 - 16*j - 24. What is the units digit of z(d)?
7
Let b = 174 + -75. Let y = -19 - 18. Let x = y + b. What is the tens digit of x?
6
Let w(b) = -7452*b - 1181. What is the tens digit of w(-2)?
2
Suppose 0 = -2*z + 1 - 11, -4*m = 2*z - 270. Let s(r) = 124*r + 10837. Let v be s(-87). Suppose 69*i - m*i = -v. What is the units digit of i?
9
Let x(y) = 10*y**3 + 18*y**2 - 11*y - 22. What is the thousands digit of x(11)?
5
Let n = -178 + 434. Let u = n - 369. Let h = -78 - u. What is the tens digit of h?
3
Let n(s) = -141*s + 44. Suppose 9*b - 13*b = 20. Let j be n(b). Suppose -2*f - 566 = -2*v, -5*f - j = -4*v + 386. What is the hundreds digit of v?
2
Let i(x) = 0*x**2 - 7 - 2*x - x**3 + 3*x**3 - x**2 - 2*x**3 - 2*x**3. What is the hundreds digit of i(-4)?
1
What is the ten thousands digit of (54 + -55)*(-3 - -2 - -2)*-18295?
1
Let v = -344 - -346. What is the hundreds digit of -10 + 0 - -725 - 2/v?
7
Let q(b) be the third derivative of 19*b**5/15 - b**4/12 + b**3/6 + 3*b**2. Let c be -3 + (-12)/(-6)*2. What is the tens digit of q(c)?
7
Suppose 4*b = 3*b + 2. Let u(p) = 8*p**3 + 7 + 2*p**2 - 16*p**3 + 7*p**3 + 7*p + 10*p**b. What is the tens digit of u(12)?
9
Let l(n) = 4*n - 57. Let u be l(15). Suppose 3*o = -3*t + 483, 4*t - 500 + 12 = -u*o. What is the units digit of o?
6
Suppose 2110 = 12*x - 2534. What is the units digit of x?
7
Suppose 3*h + h - 54122 = z, 5*h + 4*z = 67621. What is the units digit of h?
9
Let f(b) = -193*b**3 + 3*b - 7. Let c(h) = 190*h**3 - 3*h + 8. Let d(k) = 4*c(k) + 5*f(k). What is the units digit of d(-2)?
1
Suppose 2*n = -3*n + 40. Let t(j) = j**3 - 10*j**2 + 15*j + 8. Let m be t(n). Suppose u - 55 = -3*w, 0 = -2*u - 3*w - m*w + 110. What is the tens digit of u?
5
Suppose -3*w - n + 15954 = 0, -25*w + 10662 = -23*w + 5*n. What is the hundreds digit of w?
3
Suppose 143*s + 59*s - 2723566 = 0. What is the units digit of s?
3
Suppose -5*n - 2780 - 767 = -2*p, 5*n = -p + 1811. What is the units digit of p?
6
Let w(a) = 5*a**2 - 34*a + 3. Let b be w(7). Suppose -3*k + b*k + 28336 = 0. What is the hundreds digit of (k/7)/(-4) + (-6)/(-14)?
1
Let b(m) = -49*m - 977. Let x(n) = 12*n + 245. Let k(o) = 6*b(o) + 22*x(o). What is the thousands digit of k(-60)?
1
Suppose -2*y + 52 + 323 = u, -y = u - 378. Suppose 36*x + u = 39*x. What is the tens digit of x?
2
Let s(w) = 2*w**3 + 5*w**2 + 21*w - 176. What is the tens digit of s(12)?
5
Let o(u) = -3*u**3 + 0*u**2 + 4*u**3 + u + u**2. Let n(a) = -4*a**3 + 11*a**2 - 15*a + 17. Let j(l) = n(l) + 3*o(l). What is the tens digit of j(13)?
3
What is the thousands digit of (9*9/81)/(3/(56564 - 5))?
8
Suppose 0 = l - 17 + 11. Let c be 4/(-24) + 1/l. Suppose 4*b - 2*s = -5*s + 170, b - 3*s - 50 = c. What is the tens digit of b?
4
Suppose -2*r - 5 + 9 = 0. Suppose -169 = 3*j - 5*l, 329 = -5*j - r*l + 6. Let i = 56 - j. What is the hundreds digit of i?
1
Suppose -15907 = -8*y + 5389. What is the tens digit of y?
6
Let f(w) = 614*w - 186. What is the units digit of f(29)?
0
Suppose -201998 - 2028226 = -97*x. What is the hundreds digit of x?
9
Let a = 3740 + -1967. Let o = a - 1024